61 and 1292?
323
What is the highest common divisor of 1800 and 9800?
200
Calculate the highest common factor of 62 and 54.
2
What is the greatest common divisor of 238 and 1258?
34
Calculate the greatest common divisor of 39 and 15.
3
What is the greatest common divisor of 3309 and 3?
3
Calculate the highest common factor of 1085 and 310.
155
What is the greatest common factor of 256 and 160?
32
Calculate the greatest common factor of 1032 and 6837.
129
Calculate the greatest common divisor of 64 and 4168.
8
Calculate the greatest common factor of 11132 and 92.
92
What is the highest common factor of 2 and 89?
1
What is the highest common divisor of 912 and 171?
57
What is the highest common divisor of 9 and 1017?
9
What is the highest common divisor of 29 and 1363?
29
Calculate the greatest common divisor of 4 and 62.
2
Calculate the greatest common divisor of 138 and 207.
69
What is the highest common factor of 8 and 104?
8
Calculate the greatest common factor of 387 and 9.
9
What is the highest common factor of 14 and 22?
2
Calculate the highest common divisor of 9 and 85167.
9
Calculate the highest common factor of 288 and 10128.
48
Calculate the greatest common divisor of 40 and 1980.
20
Calculate the greatest common divisor of 1050 and 50.
50
What is the greatest common divisor of 1463 and 399?
133
Calculate the greatest common factor of 2712 and 408.
24
What is the highest common factor of 185 and 111?
37
Calculate the highest common factor of 6 and 18270.
6
What is the greatest common divisor of 18 and 153?
9
Calculate the greatest common divisor of 979 and 445.
89
What is the greatest common factor of 75 and 125?
25
What is the highest common divisor of 248 and 2263?
31
What is the highest common divisor of 1452 and 504?
12
Calculate the greatest common factor of 1120 and 10360.
280
What is the highest common factor of 180 and 13590?
90
Calculate the greatest common factor of 1273 and 38.
19
Calculate the highest common factor of 5620 and 20.
20
What is the highest common factor of 2345 and 35?
35
What is the greatest common divisor of 425 and 51?
17
Calculate the highest common factor of 156 and 6.
6
What is the greatest common factor of 75 and 10?
5
What is the highest common divisor of 50 and 25?
25
Calculate the highest common factor of 32 and 32.
32
Calculate the greatest common divisor of 39 and 663.
39
What is the greatest common divisor of 957 and 348?
87
What is the highest common factor of 27 and 216?
27
What is the highest common factor of 66 and 1650?
66
What is the greatest common factor of 5300 and 300?
100
Calculate the greatest common factor of 19 and 5833.
19
Calculate the greatest common factor of 53 and 159.
53
Calculate the highest common divisor of 544 and 4199.
17
Calculate the highest common factor of 171 and 152.
19
What is the greatest common divisor of 85 and 935?
85
What is the highest common factor of 9 and 441?
9
What is the greatest common factor of 6 and 54?
6
What is the greatest common divisor of 288 and 9?
9
What is the highest common factor of 640 and 55360?
320
Calculate the greatest common factor of 495 and 88.
11
What is the highest common divisor of 82 and 123?
41
What is the greatest common divisor of 567 and 15?
3
Calculate the greatest common divisor of 576 and 297.
9
What is the highest common divisor of 5550 and 1350?
150
What is the greatest common divisor of 1298 and 59?
59
What is the greatest common divisor of 29 and 551?
29
What is the highest common divisor of 5390 and 20?
10
What is the greatest common divisor of 4779 and 6?
3
What is the greatest common factor of 96 and 72?
24
What is the greatest common factor of 56 and 42?
14
What is the highest common factor of 112 and 208?
16
What is the greatest common divisor of 82 and 205?
41
What is the greatest common divisor of 21 and 9723?
21
What is the highest common divisor of 888 and 96?
24
Calculate the greatest common divisor of 13 and 429.
13
What is the highest common factor of 961 and 496?
31
Calculate the highest common factor of 134060 and 20.
20
What is the greatest common factor of 148 and 3182?
74
Calculate the highest common divisor of 28 and 182.
14
What is the highest common factor of 40 and 4200?
40
What is the highest common divisor of 209 and 77?
11
What is the greatest common divisor of 4 and 61?
1
Calculate the greatest common factor of 237 and 57.
3
Calculate the highest common factor of 528 and 869.
11
Calculate the highest common divisor of 96 and 300.
12
What is the greatest common factor of 5408 and 32?
32
What is the greatest common factor of 20 and 28?
4
Calculate the highest common divisor of 605 and 154.
11
Calculate the greatest common divisor of 621 and 4209.
69
Calculate the highest common factor of 871 and 1876.
67
What is the highest common factor of 20 and 3070?
10
What is the highest common factor of 36 and 8820?
36
What is the greatest common factor of 1964 and 4?
4
What is the greatest common factor of 84 and 1050?
42
What is the greatest common divisor of 66 and 330?
66
Calculate the highest common divisor of 754 and 8671.
377
What is the greatest common divisor of 336 and 14?
14
Calculate the highest common factor of 162 and 90.
18
What is the greatest common divisor of 126 and 420?
42
Calculate the greatest common factor of 1081 and 23.
23
What is the greatest common divisor of 3 and 3?
3
Calculate the greatest common divisor of 8 and 12.
4
Calculate the highest common factor of 2740 and 220.
20
Calculate the greatest common divisor of 13428 and 36.
36
What is the highest common divisor of 644 and 7?
7
Calculate the highest common factor of 336 and 84.
84
What is the greatest common divisor of 10 and 2095?
5
What is the greatest common factor of 2705 and 5?
5
Calculate the highest common factor of 6 and 147.
3
What is the greatest common factor of 468 and 2136?
12
What is the greatest common factor of 819 and 455?
91
Calculate the greatest common factor of 98 and 2982.
14
What is the greatest common factor of 26 and 1079?
13
What is the greatest common factor of 3500 and 14?
14
Calculate the highest common divisor of 304 and 95.
19
What is the highest common divisor of 76 and 8?
4
What is the highest common divisor of 282 and 6?
6
Calculate the greatest common divisor of 54 and 162.
54
Calculate the greatest common factor of 198 and 176.
22
What is the highest common divisor of 496 and 128?
16
Calculate the greatest common divisor of 4505 and 68.
17
What is the greatest common factor of 20 and 75?
5
Calculate the greatest common factor of 3582 and 18.
18
What is the greatest common divisor of 24 and 14184?
24
Calculate the greatest common divisor of 128125 and 25.
25
Calculate the highest common factor of 1104 and 896.
16
Calculate the greatest common divisor of 252 and 224.
28
What is the greatest common divisor of 4069 and 26?
13
Calculate the greatest common divisor of 4 and 3.
1
What is the highest common factor of 19 and 76?
19
What is the greatest common divisor of 246 and 14?
2
What is the greatest common divisor of 8 and 4?
4
What is the greatest common factor of 117 and 247?
13
Calculate the highest common divisor of 8 and 38.
2
What is the highest common divisor of 414 and 483?
69
What is the greatest common factor of 32 and 136?
8
What is the highest common divisor of 33 and 176?
11
Calculate the highest common divisor of 59 and 3481.
59
What is the greatest common factor of 150 and 90?
30
Calculate the greatest common divisor of 4872 and 1160.
232
What is the highest common divisor of 14 and 1582?
14
What is the greatest common factor of 13055 and 105?
35
Calculate the highest common divisor of 73 and 2190.
73
What is the highest common divisor of 396 and 1413?
9
Calculate the highest common factor of 714 and 567.
21
Calculate the highest common divisor of 8 and 7.
1
Calculate the greatest common factor of 15 and 12510.
15
What is the highest common factor of 2495 and 65?
5
Calculate the highest common factor of 11216 and 80.
16
Calculate the greatest common factor of 34 and 459.
17
Calculate the highest common factor of 37084 and 146.
146
What is the greatest common divisor of 7 and 16?
1
Calculate the greatest common factor of 52 and 494.
26
What is the highest common factor of